ts digit of 984?
4
What is the thousands digit of 15890?
5
What is the hundreds digit of 156644?
6
What is the hundreds digit of 8524?
5
What is the ten thousands digit of 59445?
5
What is the tens digit of 18180?
8
What is the units digit of 171?
1
What is the hundreds digit of 1118?
1
What is the tens digit of 20386?
8
What is the tens digit of 3249?
4
What is the hundreds digit of 770?
7
What is the hundreds digit of 1237?
2
What is the thousands digit of 14799?
4
What is the tens digit of 985?
8
What is the tens digit of 41?
4
What is the units digit of 2930?
0
What is the tens digit of 60680?
8
What is the units digit of 1125?
5
What is the units digit of 15161?
1
What is the tens digit of 684?
8
What is the units digit of 1296?
6
What is the hundreds digit of 2622?
6
What is the units digit of 13927?
7
What is the tens digit of 4511?
1
What is the tens digit of 1633?
3
What is the thousands digit of 3544?
3
What is the units digit of 575?
5
What is the units digit of 24187?
7
What is the units digit of 10219?
9
What is the hundreds digit of 23937?
9
What is the tens digit of 11704?
0
What is the tens digit of 68103?
0
What is the hundreds digit of 932?
9
What is the hundreds digit of 498?
4
What is the tens digit of 844?
4
What is the units digit of 3776?
6
What is the units digit of 5023?
3
What is the thousands digit of 2611?
2
What is the thousands digit of 1643?
1
What is the hundreds digit of 17336?
3
What is the thousands digit of 11902?
1
What is the units digit of 63?
3
What is the hundreds digit of 1621?
6
What is the tens digit of 1253?
5
What is the thousands digit of 3602?
3
What is the ten thousands digit of 35953?
3
What is the thousands digit of 6063?
6
What is the ten thousands digit of 84193?
8
What is the thousands digit of 69243?
9
What is the thousands digit of 1202?
1
What is the tens digit of 49084?
8
What is the ten thousands digit of 23297?
2
What is the units digit of 270?
0
What is the ten thousands digit of 41891?
4
What is the thousands digit of 1909?
1
What is the units digit of 836?
6
What is the tens digit of 1064?
6
What is the ten thousands digit of 63493?
6
What is the tens digit of 11260?
6
What is the thousands digit of 1478?
1
What is the tens digit of 21059?
5
What is the tens digit of 3000?
0
What is the units digit of 2164?
4
What is the tens digit of 1483?
8
What is the hundreds digit of 117714?
7
What is the hundreds digit of 1568?
5
What is the hundreds digit of 2065?
0
What is the units digit of 24778?
8
What is the hundreds digit of 603?
6
What is the hundreds digit of 1234?
2
What is the hundreds digit of 1610?
6
What is the units digit of 841?
1
What is the hundreds digit of 21069?
0
What is the units digit of 3422?
2
What is the thousands digit of 14655?
4
What is the thousands digit of 8688?
8
What is the tens digit of 1157?
5
What is the hundreds digit of 8132?
1
What is the hundreds digit of 300?
3
What is the hundreds digit of 26916?
9
What is the ten thousands digit of 28715?
2
What is the units digit of 260?
0
What is the hundreds digit of 37383?
3
What is the units digit of 26559?
9
What is the units digit of 1491?
1
What is the units digit of 26399?
9
What is the units digit of 1585?
5
What is the tens digit of 214?
1
What is the hundreds digit of 55420?
4
What is the thousands digit of 3256?
3
What is the ten thousands digit of 13399?
1
What is the tens digit of 1912?
1
What is the thousands digit of 35658?
5
What is the hundreds digit of 44950?
9
What is the hundreds digit of 867?
8
What is the thousands digit of 1730?
1
What is the ten thousands digit of 79543?
7
What is the units digit of 1474?
4
What is the tens digit of 78563?
6
What is the units digit of 35867?
7
What is the tens digit of 7946?
4
What is the units digit of 4702?
2
What is the units digit of 96861?
1
What is the hundreds digit of 76327?
3
What is the units digit of 4283?
3
What is the units digit of 18854?
4
What is the thousands digit of 2524?
2
What is the units digit of 591?
1
What is the thousands digit of 189114?
9
What is the hundreds digit of 19154?
1
What is the hundreds digit of 125168?
1
What is the units digit of 11052?
2
What is the units digit of 493?
3
What is the units digit of 526?
6
What is the units digit of 2182?
2
What is the units digit of 1441?
1
What is the units digit of 50548?
8
What is the hundred thousands digit of 118390?
1
What is the tens digit of 801?
0
What is the hundreds digit of 39088?
0
What is the thousands digit of 28960?
8
What is the tens digit of 4761?
6
What is the hundreds digit of 975?
9
What is the units digit of 1630?
0
What is the hundreds digit of 2338?
3
What is the tens digit of 2011?
1
What is the units digit of 5414?
4
What is the units digit of 2840?
0
What is the hundreds digit of 47250?
2
What is the hundreds digit of 33204?
2
What is the thousands digit of 6293?
6
What is the tens digit of 29337?
3
What is the thousands digit of 37792?
7
What is the units digit of 184?
4
What is the hundreds digit of 73781?
7
What is the units digit of 171412?
2
What is the ten thousands digit of 35939?
3
What is the units digit of 18648?
8
What is the ten thousands digit of 105917?
0
What is the hundreds digit of 52911?
9
What is the units digit of 935?
5
What is the tens digit of 15909?
0
What is the tens digit of 929?
2
What is the hundreds digit of 113614?
6
What is the hundreds digit of 40975?
9
What is the tens digit of 30405?
0
What is the units digit of 463?
3
What is the units digit of 19910?
0
What is the hundreds digit of 178143?
1
What is the hundreds digit of 27408?
4
What is the units digit of 626?
6
What is the units digit of 21461?
1
What is the ten thousands digit of 33222?
3
What is the thousands digit of 1076?
1
What is the hundreds digit of 6008?
0
What is the hundreds digit of 1049?
0
What is the tens digit of 337?
3
What is the hundreds digit of 29327?
3
What is the hundreds digit of 736?
7
What is the ten thousands digit of 38299?
3
What is the units digit of 1926?
6
What is the ten thousands digit of 21993?
2
What is the thousands digit of 12636?
2
What is the thousands digit of 9832?
9
What is the thousands digit of 1997?
1
What is the hundreds digit of 50899?
8
What is the thousands digit of 4909?
4
What is the hundreds digit of 2014?
0
What is the units digit of 554?
4
What is the ten thousands digit of 40228?
4
What is the units digit of 826?
6
What is the ten thousands digit of 11015?
1
What is the units digit of 498?
8
What is the hundreds digit of 38270?
2
What is the units digit of 21956?
6
What is the units digit of 1277?
7
What is the ten thousands digit of 47983?
4
What is the units digit of 4294?
4
What is the tens digit of 810?
1
What is the units digit of 1294?
4
What is the units digit of 4374?
4
What is the tens digit of 469?
6
What is the tens digit of 498?
9
What is the tens digit of 67666?
6
What is the hundreds digit of 2040?
0
What is the thousands digit of 36804?
6
What is the hundreds digit of 1994?
9
What is the ten thousands digit of 26876?
2
What is the thousands digit of 25259?
5
What is the thousands digit of 46266?
6
What is the tens digit of 985?
8
What is the hundreds digit of 12369?
3
What is the ten thousands digit of 12631?
1
What is the tens digit of 571?
7
What is the thousands digit of 3345?
3
What is the ten thousands digit of 26530?
2
What is the hundreds digit of 37999?
9
What is the thousands digit of 106697?
6
What is the hundreds digit of 2159?
1
What is the units digit of 9276?
6
What is the tens digit of 456?
5
What is the thousands digit of 20351?
0
What is the tens digit of 14673?
7
What is the ten thousands digit of 30343?
3
What is the thousands digit of 2020?
2
What is the thousands digit of 11754?
1
What is the hundreds digit of 3294?
2
What is the units digit of 35017?
7
What is the hundreds digit of 26566?
5
What is the hundreds digit of 81800?
8
What is the units digit of 7420?
0
What is the thousands digit of 7312?
7
What is the tens digit of 1752?
5
What is the units digit of 8039?
9
What is the tens digit of 8395?
9
What is the thousands digit of 5040?
5
What is the thousands digit of 24029?
4
What is the units digit of 68273?
3
What is the thousands digit of 6505?
6
What is the thousand